se
Is 2 a factor of 332499?
False
Is 570880 a multiple of 144?
False
Is 1503640 a multiple of 40?
True
Is 297 a factor of 832972?
False
Does 67 divide 138958?
True
Is 37 a factor of 180264?
True
Is 1219139 a multiple of 21?
False
Is 59144 a multiple of 8?
True
Does 681 divide 2304978?
False
Does 389 divide 2038210?
False
Is 1541816 a multiple of 248?
True
Is 35707 a multiple of 87?
False
Is 582471 a multiple of 153?
True
Does 557 divide 2502044?
True
Is 390484 a multiple of 40?
False
Does 15 divide 762401?
False
Does 125 divide 15653533?
False
Is 39992 a multiple of 8?
True
Does 58 divide 89784?
True
Is 718818 a multiple of 250?
False
Is 39 a factor of 513747?
True
Is 32905 a multiple of 109?
False
Does 192 divide 412992?
True
Is 714 a factor of 963900?
True
Is 37 a factor of 8163680?
True
Does 476 divide 142149?
False
Is 10 a factor of 700530?
True
Is 462380 a multiple of 5?
True
Is 67 a factor of 9916?
True
Is 11 a factor of 13754?
False
Does 116 divide 133719?
False
Does 27 divide 253304?
False
Does 8 divide 5338512?
True
Does 35 divide 10052385?
True
Is 1979915 a multiple of 5?
True
Is 847 a factor of 321860?
True
Is 30 a factor of 2205440?
False
Is 24155250 a multiple of 70?
True
Is 876501 a multiple of 72?
False
Is 2 a factor of 42087?
False
Is 401576 a multiple of 568?
True
Is 798936 a multiple of 3?
True
Is 130 a factor of 1044738?
False
Does 6 divide 240834?
True
Does 75 divide 6755625?
True
Is 284316 a multiple of 78?
False
Is 414 a factor of 623484?
True
Is 1798622 a multiple of 14?
True
Does 57 divide 88944?
False
Is 4221239 a multiple of 273?
False
Does 19 divide 4619372?
False
Is 53 a factor of 222133?
False
Is 6393492 a multiple of 36?
True
Is 130004 a multiple of 82?
False
Does 95 divide 5113815?
False
Is 37 a factor of 73926?
True
Is 817 a factor of 376637?
True
Is 54 a factor of 430605?
False
Is 67966 a multiple of 11?
False
Is 34 a factor of 71060?
True
Is 15 a factor of 1983206?
False
Is 4591731 a multiple of 11?
False
Is 65 a factor of 355791?
False
Is 15 a factor of 467503?
False
Does 88 divide 70828?
False
Is 101077 a multiple of 150?
False
Is 769 a factor of 2207983?
False
Does 14 divide 246797?
False
Does 31 divide 815816?
False
Does 4 divide 80756?
True
Does 228 divide 318288?
True
Does 983 divide 5730890?
True
Is 351 a factor of 1064232?
True
Is 6014818 a multiple of 100?
False
Is 38 a factor of 2112526?
False
Is 2797004 a multiple of 28?
True
Does 393 divide 1207689?
True
Is 4785069 a multiple of 6?
False
Does 132 divide 287760?
True
Is 52475 a multiple of 2?
False
Does 59 divide 13269985?
True
Is 3252855 a multiple of 185?
True
Is 17 a factor of 116861?
False
Is 649483 a multiple of 45?
False
Is 211200 a multiple of 60?
True
Is 12376428 a multiple of 184?
False
Is 3173726 a multiple of 63?
False
Is 4726433 a multiple of 12?
False
Is 349278 a multiple of 99?
False
Is 67 a factor of 186164?
False
Is 28 a factor of 9863541?
False
Is 26 a factor of 206814?
False
Is 10 a factor of 943598?
False
Is 8030818 a multiple of 46?
True
Is 45 a factor of 1341990?
True
Is 27 a factor of 5323028?
False
Does 170 divide 1495830?
True
Does 40 divide 149960?
True
Does 334 divide 1346688?
True
Does 68 divide 1329098?
False
Is 15 a factor of 2450985?
True
Is 14 a factor of 3336396?
True
Does 40 divide 170965?
False
Is 17719954 a multiple of 14?
True
Is 1995350 a multiple of 175?
True
Does 70 divide 176750?
True
Is 3477 a multiple of 57?
True
Does 19 divide 7767?
False
Is 100892 a multiple of 26?
False
Is 17134632 a multiple of 92?
True
Is 1516088 a multiple of 59?
False
Does 21 divide 87402?
True
Is 29 a factor of 870?
True
Is 44 a factor of 1609134?
False
Is 22576 a multiple of 136?
True
Is 432 a factor of 2895696?
True
Is 71 a factor of 238631?
True
Is 784245 a multiple of 49?
True
Is 26 a factor of 466856?
True
Is 15 a factor of 622463?
False
Is 5 a factor of 27435?
True
Is 548760 a multiple of 191?
False
Is 299187 a multiple of 9?
True
Does 1416 divide 4822254?
False
Is 272 a factor of 125989?
False
Is 3 a factor of 710584?
False
Does 80 divide 86480?
True
Is 8 a factor of 18137?
False
Does 48 divide 129858?
False
Does 14 divide 5349652?
True
Is 73 a factor of 1600014?
True
Does 2346 divide 4396404?
True
Does 557 divide 2613899?
False
Does 271 divide 745310?
False
Is 2951522 a multiple of 464?
False
Is 19827120 a multiple of 60?
True
Does 10 divide 139580?
True
Is 913571 a multiple of 8?
False
Is 8769138 a multiple of 147?
True
Is 440100 a multiple of 180?
True
Is 4708725 a multiple of 21?
True
Does 33 divide 171092?
False
Is 86 a factor of 73874?
True
Is 12 a factor of 1727744?
False
Is 279042 a multiple of 127?
False
Does 79 divide 211221?
False
Is 3264 a multiple of 34?
True
Does 1021 divide 3756259?
True
Is 234972 a multiple of 9?
True
Is 1849633 a multiple of 24?
False
Is 128326 a multiple of 22?
True
Is 4 a factor of 887295?
False
Is 35 a factor of 5939272?
False
Is 6409697 a multiple of 61?
True
Is 29 a factor of 1458584?
True
Is 436 a factor of 834958?
False
Does 266 divide 1560622?
True
Is 153 a factor of 651474?
True
Is 11 a factor of 1079209?
False
Does 100 divide 5344874?
False
Is 2886480 a multiple of 456?
True
Is 101 a factor of 1887993?
True
Does 572 divide 511137?
False
Is 69748 a multiple of 106?
True
Is 43 a factor of 864182?
False
Is 17513944 a multiple of 11?
False
Does 17 divide 13517166?
False
Does 499 divide 123253?
True
Does 15 divide 80955?
True
Is 331 a factor of 36483?
False
Does 9 divide 63632?
False
Is 213108 a multiple of 236?
True
Is 414 a factor of 674064?
False
Does 161 divide 7363785?
False
Does 19 divide 822659?
False
Is 422 a factor of 1056266?
True
Is 716 a factor of 3886834?
False
Is 111 a factor of 5334771?
True
Is 381373 a multiple of 42?
False
Is 23782 a multiple of 13?
False
Does 101 divide 925462?
False
Does 99 divide 2462031?
True
Is 43 a factor of 32723?
True
Does 20 divide 84640?
True
Does 3 divide 75379?
False
Is 126 a factor of 1988154?
True
Does 138 divide 594659?
False
Is 16 a factor of 422144?
True
Is 30 a factor of 2746290?
True
Is 1202560 a multiple of 80?
True
Is 16 a factor of 19536640?
True
Is 7 a factor of 274900?
False
Is 211 a factor of 101318?
False
Is 280 a factor of 12794927?
False
Is 936830 a multiple of 7?
False
Is 414 a factor of 1215856?
False
Is 8218777 a multiple of 82?
False
Is 3 a factor of 3134188?
False
Is 101 a factor of 28243?
False
Does 30 divide 18390?
True
Is 263 a factor of 1153003?
False
Is 8 a factor of 1826449?
False
Is 3622844 a multiple of 392?
False
Does 4 divide 221999?
False
Is 90600 a multiple of 50?
True
Is 2445563 a multiple of 32?
False
Is 16968 a multiple of 21?
True
Does 501 divide 2709909?
True
Is 3 a factor of 187124?
False
Is 634021 a multiple of 16?
False
Is 1253512 a multiple of 17?
True
Is 105 a factor of 444885?
True
Does 734 divide 11087804?
True
Is 197105 a multiple of 19?
False
Is 2434133 a multiple of 1188?
False
Does 33 divide 119728?
False
Is 7891535 a multiple of 235?
True
Does 37 divide 1596624?
True
Does 696 divide 4210300?
False
Is 78 a factor of 195312?
True
Is 15 a factor of 1295025?
True
Is 214482 a multiple of 70?
False
Is 236507 a multiple of 67?
False
Is 103721 a multiple of 9?
False
Does 15 divide 1413615?
True
Does 17 divide 253963?
True
Is 243099 a multiple of 148?
False
Does 31 divide 883407?
True
Is 8 a factor of 665074?
False
Is 1105 a factor of 507195?
True
Is 56 a factor of 4902?
False
Is 890562 a multiple of 5?
False
Does 69 divide 976902?
True
Does 842 divide 4443234?
True
Is 273 a factor of 314223?
True
Is 1318 a factor of 1756895?
False
Is 230357 a multiple of 60?
False
Does 13 divide 31935?
False
Is 45 a factor of 346320?
True
Is 11 a factor of 3595468?
False
Is 115957 a multiple of 275?
False
Is 377 a factor of 136474?
True
Is 42696 a multiple of 9?
True
Does 517 divide 2243868?
False
Is 34 a factor of 353298?
False
Is 2 a factor of 644642?
True
Does 10 divide 2574870?
True
Is 1790906 even?
True
Is 10 a factor of 17392549?
False
Is 1341471 a multiple of 359?
False
Does 15 divide 1658745?
True
Is 27866 a multiple of 16?
False
Does 382 divide 3119412?
True
Is 9 a factor of 14725791?
True
Does 11 divide 442420?
True
Is 10 a factor of 725540?
True
Is 1691 a factor of 17107809?
False
Does 337 divide 159732